[INFO] cloning repository https://github.com/rrichardson/bench-body
[INFO] running `Command { std: "git" "-c" "credential.helper=" "-c" "credential.helper=/workspace/cargo-home/bin/git-credential-null" "clone" "--bare" "https://github.com/rrichardson/bench-body" "/workspace/cache/git-repos/https%3A%2F%2Fgithub.com%2Frrichardson%2Fbench-body", kill_on_drop: false }`
[INFO] [stderr] Cloning into bare repository '/workspace/cache/git-repos/https%3A%2F%2Fgithub.com%2Frrichardson%2Fbench-body'...
[INFO] running `Command { std: "git" "rev-parse" "HEAD", kill_on_drop: false }`
[INFO] [stdout] 8e9e9e9969471a9e0eb34cafb55b100caa0394d6
[INFO] checking rrichardson/bench-body against master#af3c6e733a40e671550e0f0f5aeecaa13772ba56 for pr-74989
[INFO] running `Command { std: "git" "clone" "/workspace/cache/git-repos/https%3A%2F%2Fgithub.com%2Frrichardson%2Fbench-body" "/workspace/builds/worker-7/source", kill_on_drop: false }`
[INFO] [stderr] Cloning into '/workspace/builds/worker-7/source'...
[INFO] [stderr] done.
[INFO] validating manifest of git repo https://github.com/rrichardson/bench-body on toolchain af3c6e733a40e671550e0f0f5aeecaa13772ba56
[INFO] running `Command { std: "/workspace/cargo-home/bin/cargo" "+af3c6e733a40e671550e0f0f5aeecaa13772ba56" "read-manifest" "--manifest-path" "Cargo.toml", kill_on_drop: false }`
[INFO] started tweaking git repo https://github.com/rrichardson/bench-body
[INFO] removed path dependency hyper from git repo https://github.com/rrichardson/bench-body
[INFO] finished tweaking git repo https://github.com/rrichardson/bench-body
[INFO] tweaked toml for git repo https://github.com/rrichardson/bench-body written to /workspace/builds/worker-7/source/Cargo.toml
[INFO] crate git repo https://github.com/rrichardson/bench-body already has a lockfile, it will not be regenerated
[INFO] running `Command { std: "/workspace/cargo-home/bin/cargo" "+af3c6e733a40e671550e0f0f5aeecaa13772ba56" "fetch" "--locked" "--manifest-path" "Cargo.toml", kill_on_drop: false }`
[INFO] [stderr] warning: dependency (hyper) specified without providing a local path, Git repository, or version to use. This will be considered an error in future versions
[INFO] [stderr]     Updating crates.io index
[INFO] [stderr] error: the lock file /workspace/builds/worker-7/source/Cargo.lock needs to be updated but --locked was passed to prevent this
[INFO] [stderr] If you want to try to generate the lock file without accessing the network, use the --offline flag.
[INFO] the lockfile is outdated, regenerating it
[INFO] running `Command { std: "/workspace/cargo-home/bin/cargo" "+af3c6e733a40e671550e0f0f5aeecaa13772ba56" "generate-lockfile" "--manifest-path" "Cargo.toml" "-Zno-index-update", kill_on_drop: false }`
[INFO] running `Command { std: "/workspace/cargo-home/bin/cargo" "+af3c6e733a40e671550e0f0f5aeecaa13772ba56" "fetch" "--locked" "--manifest-path" "Cargo.toml", kill_on_drop: false }`
[INFO] [stderr] warning: dependency (hyper) specified without providing a local path, Git repository, or version to use. This will be considered an error in future versions
[INFO] running `Command { std: "docker" "create" "-v" "/var/lib/crater-agent-workspace/builds/worker-7/target:/opt/rustwide/target:rw,Z" "-v" "/var/lib/crater-agent-workspace/builds/worker-7/source:/opt/rustwide/workdir:ro,Z" "-v" "/var/lib/crater-agent-workspace/cargo-home:/opt/rustwide/cargo-home:ro,Z" "-v" "/var/lib/crater-agent-workspace/rustup-home:/opt/rustwide/rustup-home:ro,Z" "-e" "SOURCE_DIR=/opt/rustwide/workdir" "-e" "CARGO_TARGET_DIR=/opt/rustwide/target" "-e" "CARGO_HOME=/opt/rustwide/cargo-home" "-e" "RUSTUP_HOME=/opt/rustwide/rustup-home" "-w" "/opt/rustwide/workdir" "-m" "1610612736" "--user" "0:0" "--network" "none" "rustops/crates-build-env@sha256:d92eaeed33fa75130ca1ee6c8a01d1ffb62bac859dfdfb3450e3e5d1c0146529" "/opt/rustwide/cargo-home/bin/cargo" "+af3c6e733a40e671550e0f0f5aeecaa13772ba56" "metadata" "--no-deps" "--format-version=1", kill_on_drop: false }`
[INFO] [stdout] 114e202b6b48a455329585809c3f98c0aa69d276b272b044575ac3a8feba6e34
[INFO] [stderr] WARNING: Your kernel does not support swap limit capabilities or the cgroup is not mounted. Memory limited without swap.
[INFO] running `Command { std: "docker" "start" "-a" "114e202b6b48a455329585809c3f98c0aa69d276b272b044575ac3a8feba6e34", kill_on_drop: false }`
[INFO] running `Command { std: "docker" "inspect" "114e202b6b48a455329585809c3f98c0aa69d276b272b044575ac3a8feba6e34", kill_on_drop: false }`
[INFO] running `Command { std: "docker" "rm" "-f" "114e202b6b48a455329585809c3f98c0aa69d276b272b044575ac3a8feba6e34", kill_on_drop: false }`
[INFO] [stdout] 114e202b6b48a455329585809c3f98c0aa69d276b272b044575ac3a8feba6e34
[INFO] running `Command { std: "docker" "create" "-v" "/var/lib/crater-agent-workspace/builds/worker-7/target:/opt/rustwide/target:rw,Z" "-v" "/var/lib/crater-agent-workspace/builds/worker-7/source:/opt/rustwide/workdir:ro,Z" "-v" "/var/lib/crater-agent-workspace/cargo-home:/opt/rustwide/cargo-home:ro,Z" "-v" "/var/lib/crater-agent-workspace/rustup-home:/opt/rustwide/rustup-home:ro,Z" "-e" "SOURCE_DIR=/opt/rustwide/workdir" "-e" "CARGO_TARGET_DIR=/opt/rustwide/target" "-e" "CARGO_INCREMENTAL=0" "-e" "RUST_BACKTRACE=full" "-e" "RUSTFLAGS=--cap-lints=forbid" "-e" "CARGO_HOME=/opt/rustwide/cargo-home" "-e" "RUSTUP_HOME=/opt/rustwide/rustup-home" "-w" "/opt/rustwide/workdir" "-m" "1610612736" "--user" "0:0" "--network" "none" "rustops/crates-build-env@sha256:d92eaeed33fa75130ca1ee6c8a01d1ffb62bac859dfdfb3450e3e5d1c0146529" "/opt/rustwide/cargo-home/bin/cargo" "+af3c6e733a40e671550e0f0f5aeecaa13772ba56" "check" "--frozen" "--all" "--all-targets" "--message-format=json", kill_on_drop: false }`
[INFO] [stdout] e576f53ea32e1dabcb25ac2b5fb4edc721dadbcf44702144f49cdb4623f7c2e5
[INFO] [stderr] WARNING: Your kernel does not support swap limit capabilities or the cgroup is not mounted. Memory limited without swap.
[INFO] running `Command { std: "docker" "start" "-a" "e576f53ea32e1dabcb25ac2b5fb4edc721dadbcf44702144f49cdb4623f7c2e5", kill_on_drop: false }`
[INFO] [stderr] warning: dependency (hyper) specified without providing a local path, Git repository, or version to use. This will be considered an error in future versions
[INFO] [stderr]     Checking cfg-if v0.1.10
[INFO] [stderr]    Compiling autocfg v1.0.1
[INFO] [stderr]    Compiling libc v0.2.77
[INFO] [stderr]     Checking lazy_static v1.4.0
[INFO] [stderr]    Compiling log v0.4.11
[INFO] [stderr]    Compiling maybe-uninit v2.0.0
[INFO] [stderr]     Checking slab v0.4.2
[INFO] [stderr]    Compiling semver-parser v0.7.0
[INFO] [stderr]     Checking fnv v1.0.7
[INFO] [stderr]    Compiling byteorder v1.3.4
[INFO] [stderr]     Checking scopeguard v1.1.0
[INFO] [stderr]    Compiling proc-macro2 v1.0.21
[INFO] [stderr]    Compiling unicode-xid v0.2.1
[INFO] [stderr]    Compiling syn v1.0.41
[INFO] [stderr]     Checking bytes v0.5.6
[INFO] [stderr]    Compiling httparse v1.3.4
[INFO] [stderr]     Checking hashbrown v0.9.0
[INFO] [stderr]     Checking lock_api v0.3.4
[INFO] [stderr]     Checking tracing-core v0.1.16
[INFO] [stderr]     Checking tokio-sync v0.1.8
[INFO] [stderr]    Compiling semver v0.9.0
[INFO] [stderr]    Compiling crossbeam-utils v0.7.2
[INFO] [stderr]    Compiling memoffset v0.5.5
[INFO] [stderr]    Compiling crossbeam-epoch v0.8.2
[INFO] [stderr]    Compiling indexmap v1.6.0
[INFO] [stderr]     Checking tracing v0.1.19
[INFO] [stderr]     Checking want v0.3.0
[INFO] [stderr]     Checking http v0.2.1
[INFO] [stderr]     Checking smallvec v0.6.13
[INFO] [stderr]    Compiling rustc_version v0.2.3
[INFO] [stderr]    Compiling parking_lot_core v0.6.2
[INFO] [stderr]    Compiling parking_lot v0.9.0
[INFO] [stderr]    Compiling quote v1.0.7
[INFO] [stderr]     Checking iovec v0.1.4
[INFO] [stderr]     Checking net2 v0.2.35
[INFO] [stderr]     Checking num_cpus v1.13.0
[INFO] [stderr]     Checking time v0.1.44
[INFO] [stderr]     Checking socket2 v0.3.15
[INFO] [stderr]     Checking bytes v0.4.12
[INFO] [stderr]     Checking tokio-executor v0.1.10
[INFO] [stderr]     Checking crossbeam-queue v0.2.3
[INFO] [stderr]     Checking mio v0.6.22
[INFO] [stderr]     Checking tokio-timer v0.2.13
[INFO] [stderr]     Checking tokio-current-thread v0.1.7
[INFO] [stderr]     Checking crossbeam-deque v0.7.3
[INFO] [stderr]     Checking tokio-io v0.1.13
[INFO] [stderr]     Checking tokio-threadpool v0.1.18
[INFO] [stderr]     Checking tokio-codec v0.1.2
[INFO] [stderr]     Checking tokio-reactor v0.1.12
[INFO] [stderr]     Checking tokio v0.2.22
[INFO] [stderr]     Checking mio-uds v0.6.8
[INFO] [stderr]     Checking http-body v0.3.1
[INFO] [stderr]     Checking tokio-fs v0.1.7
[INFO] [stderr]     Checking tokio-udp v0.1.6
[INFO] [stderr]     Checking tokio-uds v0.2.7
[INFO] [stderr]     Checking tokio-tcp v0.1.4
[INFO] [stderr]     Checking tokio v0.1.22
[INFO] [stderr]     Checking tokio-util v0.3.1
[INFO] [stderr]    Compiling pin-project-internal v0.4.23
[INFO] [stderr]     Checking pin-project v0.4.23
[INFO] [stderr]     Checking futures-util v0.3.5
[INFO] [stderr]     Checking h2 v0.2.6
[INFO] [stderr]     Checking hyper v0.13.7
[INFO] [stderr]     Checking bench-body v0.1.0 (/opt/rustwide/workdir)
[INFO] [stdout] error[E0061]: this function takes 0 arguments but 1 argument was supplied
[INFO] [stdout]   --> benches/bench.rs:70:25
[INFO] [stdout]    |
[INFO] [stdout] 70 |         let connector = HttpConnector::new(1);
[INFO] [stdout]    |                         ^^^^^^^^^^^^^^^^^^ - supplied 1 argument
[INFO] [stdout]    |                         |
[INFO] [stdout]    |                         expected 0 arguments
[INFO] [stdout] 
[INFO] [stdout] 
[INFO] [stdout] error[E0599]: no method named `and_then` found for struct `hyper::client::ResponseFuture` in the current scope
[INFO] [stdout]    --> benches/bench.rs:92:49
[INFO] [stdout]     |
[INFO] [stdout] 92  |                 rt.block_on(client.request(req).and_then(|res| {
[INFO] [stdout]     |                                                 ^^^^^^^^ method not found in `hyper::client::ResponseFuture`
[INFO] [stdout]     | 
[INFO] [stdout]    ::: /opt/rustwide/cargo-home/registry/src/github.com-1ecc6299db9ec823/hyper-0.13.7/src/client/mod.rs:97:1
[INFO] [stdout]     |
[INFO] [stdout] 97  | pub struct ResponseFuture {
[INFO] [stdout]     | -------------------------
[INFO] [stdout]     | |
[INFO] [stdout]     | doesn't satisfy `hyper::client::ResponseFuture: Stream`
[INFO] [stdout]     | doesn't satisfy `hyper::client::ResponseFuture: futures::Future`
[INFO] [stdout]     | 
[INFO] [stdout]    ::: /opt/rustwide/cargo-home/registry/src/github.com-1ecc6299db9ec823/futures-util-0.3.5/src/future/try_future/mod.rs:387:8
[INFO] [stdout]     |
[INFO] [stdout] 387 |     fn and_then<Fut, F>(self, f: F) -> AndThen<Self, Fut, F>
[INFO] [stdout]     |        -------- the method is available for `Box<hyper::client::ResponseFuture>` here
[INFO] [stdout]     |
[INFO] [stdout]     = note: the method `and_then` exists but the following trait bounds were not satisfied:
[INFO] [stdout]             `hyper::client::ResponseFuture: futures::Future`
[INFO] [stdout]             which is required by `&mut hyper::client::ResponseFuture: futures::Future`
[INFO] [stdout]             `hyper::client::ResponseFuture: Stream`
[INFO] [stdout]             which is required by `&mut hyper::client::ResponseFuture: Stream`
[INFO] [stdout]     = help: items from traits can only be used if the trait is in scope
[INFO] [stdout] help: the following trait is implemented but not in scope; perhaps add a `use` for it:
[INFO] [stdout]     |
[INFO] [stdout] 13  | use futures_util::future::try_future::TryFutureExt;
[INFO] [stdout]     |
[INFO] [stdout] 
[INFO] [stdout] 
[INFO] [stdout] error[E0599]: no method named `and_then` found for struct `hyper::client::ResponseFuture` in the current scope
[INFO] [stdout]    --> benches/bench.rs:118:45
[INFO] [stdout]     |
[INFO] [stdout] 118 |                         client.request(req).and_then(|res| {
[INFO] [stdout]     |                                             ^^^^^^^^ method not found in `hyper::client::ResponseFuture`
[INFO] [stdout]     | 
[INFO] [stdout]    ::: /opt/rustwide/cargo-home/registry/src/github.com-1ecc6299db9ec823/hyper-0.13.7/src/client/mod.rs:97:1
[INFO] [stdout]     |
[INFO] [stdout] 97  | pub struct ResponseFuture {
[INFO] [stdout]     | -------------------------
[INFO] [stdout]     | |
[INFO] [stdout]     | doesn't satisfy `hyper::client::ResponseFuture: Stream`
[INFO] [stdout]     | doesn't satisfy `hyper::client::ResponseFuture: futures::Future`
[INFO] [stdout]     | 
[INFO] [stdout]    ::: /opt/rustwide/cargo-home/registry/src/github.com-1ecc6299db9ec823/futures-util-0.3.5/src/future/try_future/mod.rs:387:8
[INFO] [stdout]     |
[INFO] [stdout] 387 |     fn and_then<Fut, F>(self, f: F) -> AndThen<Self, Fut, F>
[INFO] [stdout]     |        -------- the method is available for `Box<hyper::client::ResponseFuture>` here
[INFO] [stdout]     |
[INFO] [stdout]     = note: the method `and_then` exists but the following trait bounds were not satisfied:
[INFO] [stdout]             `hyper::client::ResponseFuture: futures::Future`
[INFO] [stdout]             which is required by `&mut hyper::client::ResponseFuture: futures::Future`
[INFO] [stdout]             `hyper::client::ResponseFuture: Stream`
[INFO] [stdout]             which is required by `&mut hyper::client::ResponseFuture: Stream`
[INFO] [stdout]     = help: items from traits can only be used if the trait is in scope
[INFO] [stdout] help: the following trait is implemented but not in scope; perhaps add a `use` for it:
[INFO] [stdout]     |
[INFO] [stdout] 13  | use futures_util::future::try_future::TryFutureExt;
[INFO] [stdout]     |
[INFO] [stdout] 
[INFO] [stdout] 
[INFO] [stdout] error[E0599]: no method named `for_each` found for struct `Body` in the current scope
[INFO] [stdout]    --> benches/bench.rs:142:22
[INFO] [stdout]     |
[INFO] [stdout] 142 |                     .for_each(|_chunk| {
[INFO] [stdout]     |                      ^^^^^^^^ method not found in `Body`
[INFO] [stdout]     | 
[INFO] [stdout]    ::: /opt/rustwide/cargo-home/registry/src/github.com-1ecc6299db9ec823/hyper-0.13.7/src/body/body.rs:27:1
[INFO] [stdout]     |
[INFO] [stdout] 27  | pub struct Body {
[INFO] [stdout]     | ---------------
[INFO] [stdout]     | |
[INFO] [stdout]     | doesn't satisfy `Body: Iterator`
[INFO] [stdout]     | doesn't satisfy `Body: Stream`
[INFO] [stdout]     | 
[INFO] [stdout]    ::: /opt/rustwide/cargo-home/registry/src/github.com-1ecc6299db9ec823/futures-util-0.3.5/src/stream/stream/mod.rs:785:8
[INFO] [stdout]     |
[INFO] [stdout] 785 |     fn for_each<Fut, F>(self, f: F) -> ForEach<Self, Fut, F>
[INFO] [stdout]     |        -------- the method is available for `Box<Body>` here
[INFO] [stdout]     |
[INFO] [stdout]     = note: the method `for_each` exists but the following trait bounds were not satisfied:
[INFO] [stdout]             `Body: Stream`
[INFO] [stdout]             which is required by `&mut Body: Stream`
[INFO] [stdout]             `Body: Iterator`
[INFO] [stdout]             which is required by `&mut Body: Iterator`
[INFO] [stdout]     = help: items from traits can only be used if the trait is in scope
[INFO] [stdout] help: the following trait is implemented but not in scope; perhaps add a `use` for it:
[INFO] [stdout]     |
[INFO] [stdout] 13  | use futures_util::stream::stream::StreamExt;
[INFO] [stdout]     |
[INFO] [stdout] 
[INFO] [stdout] 
[INFO] [stdout] error[E0277]: the trait bound `Body: From<bytes::Bytes>` is not satisfied
[INFO] [stdout]    --> benches/bench.rs:146:39
[INFO] [stdout]     |
[INFO] [stdout] 146 |                         Response::new(Body::from(b))
[INFO] [stdout]     |                                       ^^^^^^^^^^ the trait `From<bytes::Bytes>` is not implemented for `Body`
[INFO] [stdout]     |
[INFO] [stdout]     = help: the following implementations were found:
[INFO] [stdout]               <Body as From<&'static [u8]>>
[INFO] [stdout]               <Body as From<&'static str>>
[INFO] [stdout]               <Body as From<Box<(dyn futures_core::stream::Stream<Item = std::result::Result<hyper::body::Bytes, Box<(dyn std::error::Error + Sync + std::marker::Send + 'static)>>> + std::marker::Send + 'static)>>>
[INFO] [stdout]               <Body as From<Cow<'static, [u8]>>>
[INFO] [stdout]             and 4 others
[INFO] [stdout]     = note: required by `from`
[INFO] [stdout] 
[INFO] [stdout] 
[INFO] [stdout] error[E0277]: the trait bound `for<'a> [closure@benches/bench.rs:136:16: 149:10 body:_]: Service<&'a AddrStream>` is not satisfied
[INFO] [stdout]    --> benches/bench.rs:136:10
[INFO] [stdout]     |
[INFO] [stdout] 136 |         .serve(move || {
[INFO] [stdout]     |          ^^^^^ the trait `for<'a> Service<&'a AddrStream>` is not implemented for `[closure@benches/bench.rs:136:16: 149:10 body:_]`
[INFO] [stdout]     |
[INFO] [stdout]     = note: required because of the requirements on the impl of `hyper::service::make::MakeServiceRef<AddrStream, Body>` for `[closure@benches/bench.rs:136:16: 149:10 body:_]`
[INFO] [stdout] 
[INFO] [stdout] 
[INFO] [stdout] error[E0599]: no method named `map_err` found for struct `Server<AddrIncoming, [closure@benches/bench.rs:136:16: 149:10 body:_]>` in the current scope
[INFO] [stdout]    --> benches/bench.rs:151:19
[INFO] [stdout]     |
[INFO] [stdout] 151 |     let fut = srv.map_err(|err| panic!("server error: {}", err));
[INFO] [stdout]     |                   ^^^^^^^ method not found in `Server<AddrIncoming, [closure@benches/bench.rs:136:16: 149:10 body:_]>`
[INFO] [stdout]     | 
[INFO] [stdout]    ::: /opt/rustwide/cargo-home/registry/src/github.com-1ecc6299db9ec823/hyper-0.13.7/src/server/mod.rs:90:1
[INFO] [stdout]     |
[INFO] [stdout] 90  | pub struct Server<I, S, E = Exec> {
[INFO] [stdout]     | ---------------------------------
[INFO] [stdout]     | |
[INFO] [stdout]     | doesn't satisfy `_: Stream`
[INFO] [stdout]     | doesn't satisfy `_: futures::Future`
[INFO] [stdout]     |
[INFO] [stdout]     = note: the method `map_err` exists but the following trait bounds were not satisfied:
[INFO] [stdout]             `Server<AddrIncoming, [closure@benches/bench.rs:136:16: 149:10 body:_]>: futures::Future`
[INFO] [stdout]             which is required by `&mut Server<AddrIncoming, [closure@benches/bench.rs:136:16: 149:10 body:_]>: futures::Future`
[INFO] [stdout]             `Server<AddrIncoming, [closure@benches/bench.rs:136:16: 149:10 body:_]>: Stream`
[INFO] [stdout]             which is required by `&mut Server<AddrIncoming, [closure@benches/bench.rs:136:16: 149:10 body:_]>: Stream`
[INFO] [stdout] 
[INFO] [stdout] 
[INFO] [stdout] warning: unused import: `Future`
[INFO] [stdout]   --> benches/bench.rs:16:15
[INFO] [stdout]    |
[INFO] [stdout] 16 | use futures::{Future, Stream};
[INFO] [stdout]    |               ^^^^^^
[INFO] [stdout]    |
[INFO] [stdout]    = note: `#[warn(unused_imports)]` on by default
[INFO] [stdout] 
[INFO] [stdout] 
[INFO] [stdout] warning: unused import: `Stream`
[INFO] [stdout]   --> benches/bench.rs:16:23
[INFO] [stdout]    |
[INFO] [stdout] 16 | use futures::{Future, Stream};
[INFO] [stdout]    |                       ^^^^^^
[INFO] [stdout] 
[INFO] [stdout] 
[INFO] [stdout] error: aborting due to 7 previous errors; 2 warnings emitted
[INFO] [stdout] 
[INFO] [stdout] 
[INFO] [stdout] Some errors have detailed explanations: E0061, E0277, E0599.
[INFO] [stdout] 
[INFO] [stdout] For more information about an error, try `rustc --explain E0061`.
[INFO] [stdout] 
[INFO] [stderr] error: could not compile `bench-body`.
[INFO] [stderr] 
[INFO] [stderr] To learn more, run the command again with --verbose.
[INFO] running `Command { std: "docker" "inspect" "e576f53ea32e1dabcb25ac2b5fb4edc721dadbcf44702144f49cdb4623f7c2e5", kill_on_drop: false }`
[INFO] running `Command { std: "docker" "rm" "-f" "e576f53ea32e1dabcb25ac2b5fb4edc721dadbcf44702144f49cdb4623f7c2e5", kill_on_drop: false }`
[INFO] [stdout] e576f53ea32e1dabcb25ac2b5fb4edc721dadbcf44702144f49cdb4623f7c2e5
